y) = 400*y + 4967. What are the prime factors of h(24)?
7, 2081
Let c = 62453 - 41059. List the prime factors of c.
2, 19, 563
Suppose 0 = -23*g + 74439 - 61516 + 87794. List the prime factors of g.
29, 151
Suppose 1810280 = 83*l + 251*l. What are the prime factors of l?
2, 5, 271
Suppose 5*l + 11 - 3 = 3*n, -4*n = -5*l - 14. Suppose -n*c + c - 10 = 0. What are the prime factors of (60/(-27) - c) + (-384)/(-27)?
2, 7
Let z = -1415 - -8312. List the prime factors of z.
3, 11, 19
Let h = -11 + 17. Suppose -3*b + h + 3 = 0. List the prime factors of b + 9/(-3) + 35.
5, 7
Let l be (-9)/(-4) + (-9)/(-12). Suppose l*r - 6083 = -8*r. What are the prime factors of r?
7, 79
Suppose -37*y + 7 = -30. What are the prime factors of (y - 1) + 58 + 305?
3, 11
Suppose -39*u - 346773 = -88*u. List the prime factors of u.
3, 7, 337
Let x(v) = -930*v - 2435. What are the prime factors of x(-38)?
5, 6581
Let u be -4*((-44)/16 - -2) - -38. Let z = 5 - -87. Let v = z - u. List the prime factors of v.
3, 17
Suppose -3*l = -3*n + 2943, -2*n - 68 = 2*l - 2030. Suppose -9*p + 2439 = -n. Suppose 4*x = z - 4*z + p, -4*z + x + 532 = 0. List the prime factors of z.
2, 3, 11
Suppose 7*z + 5*f - 31 = 3*z, -z + f = -1. List the prime factors of (z + (2 - 7))*(-5 + -416).
421
Let n(r) = r**3 + 6*r**2 - 7*r - 8. Let w be n(-6). Suppose 25*t - t - 3240 = 0. Suppose z = t - w. List the prime factors of z.
101
Suppose -5*w = -0*b + 2*b - 2933, 4*b = 5*w - 2909. Let r = -388 + w. List the prime factors of r.
197
Let r(i) = -230*i + 153. List the prime factors of r(-10).
11, 223
Suppose 6*m - m + 2*q - 5 = 0, 3*q + 15 = 0. Suppose 532 = m*u - 425. List the prime factors of u.
11, 29
Let s = -76 - -78. Let t(g) = -24 + 24 - 6*g - 27*g**s - g**3 + 0*g**3. List the prime factors of t(-27).
2, 3
Suppose n - 6*n = -4*y - 2770, 2*y + n = -1392. Let m = y - -1025. What are the prime factors of m?
2, 3, 5, 11
Let a = -262 - -1307. Let y be 31/(-93) - a/(-3). Let p = y - 239. What are the prime factors of p?
109
Suppose 1540791 + 484614 = 45*o. List the prime factors of o.
3, 1667
Suppose -m + 12 = 3*m, -4*m = -3*y + 16038. What are the prime factors of y?
2, 5, 107
Let f(c) be the second derivative of c**4/6 + 13*c**3/2 - 54*c**2 + 198*c. List the prime factors of f(-35).
977
List the prime factors of 5/((-35)/(-112084)) - 3.
7, 2287
Let n = 100 - 71. Suppose 5*b = 3*x - n, -4*x - 45 = 5*b + x. Let p(k) = k**2 - 18*k - 5. What are the prime factors of p(b)?
2, 5, 17
Suppose 5*f + 1436 = -i + 298, 8 = -2*f. Let g be 10/(-4) + i/52. List the prime factors of (-4)/g - 843/(-18).
47
Let s be (-39699)/22*(-6)/9. Suppose 4*j = -3*y + 7181, j - s = -3*y + 599. List the prime factors of j.
11, 163
Suppose 13*f - 5235 = -1361. Suppose -f = -j + 49. List the prime factors of j.
347
Let r(f) = -124*f + 13. Let a be ((-18)/27)/(2/9). Let u be r(a). Suppose 15*c - u = 8*c. List the prime factors of c.
5, 11
Let f(h) = -h**2 + 26*h + 33. Let t be f(24). Let s = t - 55. List the prime factors of s.
2, 13
Let o = 12 - 6. Let w(l) = 7*l**2 - l + 6. Let a(j) = 15*j**2 - 2*j + 12. Let z(q) = -6*a(q) + 13*w(q). What are the prime factors of z(o)?
2, 3
Let x(z) = -317*z + 354. What are the prime factors of x(0)?
2, 3, 59
Let o(d) = 63*d + 87. Let a be o(-10). Let g = a - -1261. What are the prime factors of g?
2, 359
Suppose 0 = 2*q + 24 - 94. Suppose q*x - 3975 = 22310. What are the prime factors of x?
751
Let s = -1401 - -13989. List the prime factors of s.
2, 3, 1049
Suppose -68035 = -28*p + 482697. Suppose p = 31*n - 698. List the prime factors of n.
3, 73
Let b = -57 - -67. Let m = 16 - b. Suppose 0 = -c - 2, m*d + 3*c = d + 584. List the prime factors of d.
2, 59
What are the prime factors of ((-2)/(-6)*-15791)/(((-2501)/(-246))/(-61))?
2, 15791
Let f be -6*((-46)/(-6) - 7). Let q = f - -186. What are the prime factors of q?
2, 7, 13
Suppose 12*r - 9*r - 4*w + 4 = 0, 5*r - w - 16 = 0. Suppose r*l = 444 + 508. Suppose l = 3*n - 203. List the prime factors of n.
3, 7
What are the prime factors of 3827 - (-112)/(-14) - (-3)/1*1?
2, 3, 7, 13
Let u(w) = -16*w**2 - 7. Let k be u(5). Let c be -1 - 4290/7 - 45/315. Let o = k - c. What are the prime factors of o?
3, 23
Let r(v) = -31 - 41*v**2 + 92*v**2 - 4*v + 29. List the prime factors of r(2).
2, 97
Let d(o) = -o**2 + 5*o + 3. Let h be d(3). Suppose -h*t = 2732 + 940. List the prime factors of (1 + 0)/(1 - t/(-410)).
5, 41
Suppose -61 - 161 = 6*w. Let n = -18 + 4. Let t = n - w. List the prime factors of t.
23
Suppose -5*u - 4*m = -1043, m + 410 = 2*u - m. Suppose 0*n - 3*p = -2*n + u, 2*p = -3*n + 291. List the prime factors of n.
3, 11
Let f(u) = 4*u**2 - 25. Let s = -93 - -85. Let c(o) = 11*o**2 + o - 76. Let j(x) = s*f(x) + 3*c(x). List the prime factors of j(16).
2, 3, 23
Suppose -5*x = 5*l - 35, 0 = -3*x - 2*l + 18 - 1. Let f be x - (2 - -2) - -5. What are the prime factors of ((-2056)/32 + f)/(1/(-4))?
241
Let d(s) = -17*s - 18. Let f be d(-6). Let o = f + -128. Let k = 17 - o. What are the prime factors of k?
61
Let c(g) = -296*g - 248. Let f be c(-10). Suppose -9*p + f = 516. List the prime factors of p.
2, 61
Suppose -212 - 22 = -6*r. Let k = 75 - r. Suppose k + 24 = 5*b. What are the prime factors of b?
2, 3
Let f = -62745 + 116640. What are the prime factors of f?
3, 5, 3593
Let h be (35/(-7) - -3)/(2/(-14)). Let f(v) = 13*v - 17. What are the prime factors of f(h)?
3, 5, 11
Let m be (-15 + 9)*(-4)/6. Suppose -1490 = -m*q - 506. Suppose -h - q = -4*h. List the prime factors of h.
2, 41
Let c be ((-189)/54)/((10/4)/(-5)). Let v(w) = -2*w**2 + 239*w + 7. What are the prime factors of v(c)?
2, 7, 113
What are the prime factors of 12921/((-7)/(-6) + 12/36)?
2, 59, 73
Suppose -136*d + 33128 = -132*d. List the prime factors of d.
2, 41, 101
Let g = -345 + 349. Suppose -5*u + g*a - 3*a + 1196 = 0, -4 = 4*a. What are the prime factors of u?
239
Let f = 101136 + -56692. What are the prime factors of f?
2, 41, 271
Let g = 70990 - 35314. What are the prime factors of g?
2, 3, 991
Suppose 5*q = -2*a + 50268, -23*a + 27*a = 2*q - 20112. List the prime factors of q.
2, 11, 457
Let l(u) = -5286*u**3 - 3*u**2 - u + 2. What are the prime factors of l(-1)?
2, 3, 881
Let v(p) = 2*p + 16. Let a be v(-7). Suppose 0*s - s + a*u - 20 = 0, -s = u + 5. What are the prime factors of 2 + (4/s - (-32)/5)?
2
Suppose 0 = -4*y + 4, -11 + 71 = -4*w - 4*y. Let u be (2/(-4))/((-2)/4). What are the prime factors of (-8)/w*122/u?
61
Let c(k) = 52*k**2 + k + 25. Let s be c(-5). Suppose 0 = -q + 4*p + 309 + 7, -2*p - s = -4*q. What are the prime factors of q?
2, 83
What are the prime factors of -1 + 10 - (1524693/3)/(-19)?
2, 17, 787
Suppose -4*o = -3*d + 5*d + 688, 0 = -2*d - 5*o - 684. Let z = 1000 + d. What are the prime factors of z?
2, 3
Suppose -9594 = -44*u + 3*u. Suppose -23*n + 4*p = -25*n + 84, 0 = 5*n + 4*p - u. List the prime factors of n.
2, 5
Let c = 21962 - 12858. What are the prime factors of c?
2, 569
Let j = 13 - 0. Suppose 4*b - j*b + 432 = 0. Suppose -y + 3*p = y - b, 5*p = 0. What are the prime factors of y?
2, 3
List the prime factors of (826/(-4))/((2/(-91))/(864/504)).
3, 7, 13, 59
Suppose 0 = -4*l - 5*q + 22664, 0 = -340*l + 338*l - q + 11338. What are the prime factors of l?
53, 107
Let r(k) = -6*k + 15. Let x(i) = -19*i + 46. Suppose -2*m + 14 = -2*d, -3*m + 1 + 4 = 5*d. Let l(g) = d*x(g) + 7*r(g). List the prime factors of l(-15).
73
Let f = 1108 - 286. Suppose -3*q - 177 + f = 0. What are the prime factors of q?
5, 43
Let x(z) = -8*z**3 - 2*z - 1. Let b = -145 - -144. List the prime factors of x(b).
3
Let v(c) = -c**2 - 7*c. Let b be v(-11). Let y = -45 - b. List the prime factors of (y + 0 - -3) + 20.
2, 11
Suppose -u - 18*u - 15*u = -118490. What are the prime factors of u?
5, 17, 41
Suppose 402*i = 400*i - 3*x + 3240, 3*i - 4861 = -5*x. What are the prime factors of i?
3, 7, 11
Let w = 6857 - -8746. What are the prime factors of w?
3, 7, 743
Let k be (-92)/(-22) - (-78)/(-429). Suppose -w - 387 = 3*u - 7*u, 2*w + 382 = k*u. List the prime factors of u.
2, 7
What are the prime factors of 4000 - ((-75)/(-100))/(1/8)?
2, 1997
Suppose -4*h - 699 = 2*o - 195, -502 = 2*o + 5*h. What are the prime factors of 6498/152*o/(-6)?
2, 3, 19
Suppose -76873 = -20*k 